{"id":748,"date":"2018-05-17T14:09:05","date_gmt":"2018-05-17T17:09:05","guid":{"rendered":"https:\/\/unisalesiano.com.br\/?page_id=748"},"modified":"2018-05-17T14:21:21","modified_gmt":"2018-05-17T17:21:21","slug":"hino","status":"publish","type":"page","link":"https:\/\/unisalesiano.com.br\/aracatuba\/hino\/","title":{"rendered":"Hino"},"content":{"rendered":"<p>UniSALESIANO<br \/>\nUm mundo de hist\u00f3ria e tradi\u00e7\u00e3o<br \/>\nNome que nos orgulha e nos encanta<br \/>\nE enobrece o nosso cora\u00e7\u00e3o<\/p>\n<p>Templo de conhecimento<br \/>\nS\u00edmbolo de realiza\u00e7\u00e3o<br \/>\nSonhos que se transformam em realidade<br \/>\nE formam honestos cidad\u00e3os<\/p>\n<p>(Refr\u00e3o)<\/p>\n<p><em>Como \u00e9 bonito todo dia ver<\/em><br \/>\n<em> Jovens em grande harmonia<\/em><br \/>\n<em> Na sublime arte de aprender<\/em><br \/>\n<em> Em momentos de intensa alegria<\/em><\/p>\n<p><em>Gente que luta por conquistas<\/em><br \/>\n<em> Talentos que buscam profiss\u00f5es<\/em><br \/>\n<em> Alunos, mestres, professores<\/em><br \/>\n<em> Plantam e colhem emo\u00e7\u00f5es<\/em><\/p>\n<p>UniSALESIANO<br \/>\nA grande aventura do saber<br \/>\nQue acolhe e abra\u00e7a o dom de nossas vidas<br \/>\nE ensina o futuro a percorrer<\/p>\n<p>UniSALESIANO<br \/>\nOnde o bem-estar se alcan\u00e7a<br \/>\nNum elo eterno de f\u00e9 e profiss\u00e3o<br \/>\nCaminhos de amor e de esperan\u00e7a<\/p>\n<p><strong>Letra e M\u00fasica:<\/strong> Prof. Alcides Mazzini<\/p>\n","protected":false},"excerpt":{"rendered":"<p>UniSALESIANO Um mundo de hist\u00f3ria e tradi\u00e7\u00e3o Nome que nos orgulha e nos encanta E enobrece o nosso cora\u00e7\u00e3o Templo de conhecimento S\u00edmbolo de realiza\u00e7\u00e3o Sonhos que se transformam em realidade E formam honestos cidad\u00e3os (Refr\u00e3o) Como \u00e9 bonito todo dia ver Jovens em grande harmonia Na sublime arte de aprender Em momentos de intensa [&hellip;]<\/p>\n","protected":false},"author":1,"featured_media":0,"parent":0,"menu_order":0,"comment_status":"closed","ping_status":"closed","template":"","meta":{"footnotes":""},"class_list":["post-748","page","type-page","status-publish","hentry"],"yoast_head":"<!-- This site is optimized with the Yoast SEO plugin v17.4 - https:\/\/yoast.com\/wordpress\/plugins\/seo\/ -->\n<title>Hino - UniSALESIANO Ara\u00e7atuba\/SP<\/title>\n<meta name=\"robots\" content=\"index, follow, max-snippet:-1, max-image-preview:large, max-video-preview:-1\" \/>\n<link rel=\"canonical\" href=\"https:\/\/unisalesiano.com.br\/aracatuba\/hino\/\" \/>\n<meta property=\"og:locale\" content=\"pt_BR\" \/>\n<meta property=\"og:type\" content=\"article\" \/>\n<meta property=\"og:title\" content=\"Hino - UniSALESIANO Ara\u00e7atuba\/SP\" \/>\n<meta property=\"og:description\" content=\"UniSALESIANO Um mundo de hist\u00f3ria e tradi\u00e7\u00e3o Nome que nos orgulha e nos encanta E enobrece o nosso cora\u00e7\u00e3o Templo de conhecimento S\u00edmbolo de realiza\u00e7\u00e3o Sonhos que se transformam em realidade E formam honestos cidad\u00e3os (Refr\u00e3o) Como \u00e9 bonito todo dia ver Jovens em grande harmonia Na sublime arte de aprender Em momentos de intensa [&hellip;]\" \/>\n<meta property=\"og:url\" content=\"https:\/\/unisalesiano.com.br\/aracatuba\/hino\/\" \/>\n<meta property=\"og:site_name\" content=\"UniSALESIANO Ara\u00e7atuba\/SP\" \/>\n<meta property=\"article:modified_time\" content=\"2018-05-17T17:21:21+00:00\" \/>\n<meta name=\"twitter:card\" content=\"summary_large_image\" \/>\n<meta name=\"twitter:label1\" content=\"Est. tempo de leitura\" \/>\n\t<meta name=\"twitter:data1\" content=\"1 minuto\" \/>\n<script type=\"application\/ld+json\" class=\"yoast-schema-graph\">{\"@context\":\"https:\/\/schema.org\",\"@graph\":[{\"@type\":\"WebSite\",\"@id\":\"https:\/\/unisalesiano.com.br\/aracatuba\/#website\",\"url\":\"https:\/\/unisalesiano.com.br\/aracatuba\/\",\"name\":\"UniSALESIANO Ara\\u00e7atuba\/SP\",\"description\":\"Centro Universit\\u00e1rio Cat\\u00f3lico Salesiano Auxilium\",\"potentialAction\":[{\"@type\":\"SearchAction\",\"target\":{\"@type\":\"EntryPoint\",\"urlTemplate\":\"https:\/\/unisalesiano.com.br\/aracatuba\/?s={search_term_string}\"},\"query-input\":\"required name=search_term_string\"}],\"inLanguage\":\"pt-BR\"},{\"@type\":\"WebPage\",\"@id\":\"https:\/\/unisalesiano.com.br\/aracatuba\/hino\/#webpage\",\"url\":\"https:\/\/unisalesiano.com.br\/aracatuba\/hino\/\",\"name\":\"Hino - UniSALESIANO Ara\\u00e7atuba\/SP\",\"isPartOf\":{\"@id\":\"https:\/\/unisalesiano.com.br\/aracatuba\/#website\"},\"datePublished\":\"2018-05-17T17:09:05+00:00\",\"dateModified\":\"2018-05-17T17:21:21+00:00\",\"breadcrumb\":{\"@id\":\"https:\/\/unisalesiano.com.br\/aracatuba\/hino\/#breadcrumb\"},\"inLanguage\":\"pt-BR\",\"potentialAction\":[{\"@type\":\"ReadAction\",\"target\":[\"https:\/\/unisalesiano.com.br\/aracatuba\/hino\/\"]}]},{\"@type\":\"BreadcrumbList\",\"@id\":\"https:\/\/unisalesiano.com.br\/aracatuba\/hino\/#breadcrumb\",\"itemListElement\":[{\"@type\":\"ListItem\",\"position\":1,\"name\":\"In\\u00edcio\",\"item\":\"https:\/\/unisalesiano.com.br\/aracatuba\/\"},{\"@type\":\"ListItem\",\"position\":2,\"name\":\"Hino\"}]}]}<\/script>\n<!-- \/ Yoast SEO plugin. -->","yoast_head_json":{"title":"Hino - UniSALESIANO Ara\u00e7atuba\/SP","robots":{"index":"index","follow":"follow","max-snippet":"max-snippet:-1","max-image-preview":"max-image-preview:large","max-video-preview":"max-video-preview:-1"},"canonical":"https:\/\/unisalesiano.com.br\/aracatuba\/hino\/","og_locale":"pt_BR","og_type":"article","og_title":"Hino - UniSALESIANO Ara\u00e7atuba\/SP","og_description":"UniSALESIANO Um mundo de hist\u00f3ria e tradi\u00e7\u00e3o Nome que nos orgulha e nos encanta E enobrece o nosso cora\u00e7\u00e3o Templo de conhecimento S\u00edmbolo de realiza\u00e7\u00e3o Sonhos que se transformam em realidade E formam honestos cidad\u00e3os (Refr\u00e3o) Como \u00e9 bonito todo dia ver Jovens em grande harmonia Na sublime arte de aprender Em momentos de intensa [&hellip;]","og_url":"https:\/\/unisalesiano.com.br\/aracatuba\/hino\/","og_site_name":"UniSALESIANO Ara\u00e7atuba\/SP","article_modified_time":"2018-05-17T17:21:21+00:00","twitter_card":"summary_large_image","twitter_misc":{"Est. tempo de leitura":"1 minuto"},"schema":{"@context":"https:\/\/schema.org","@graph":[{"@type":"WebSite","@id":"https:\/\/unisalesiano.com.br\/aracatuba\/#website","url":"https:\/\/unisalesiano.com.br\/aracatuba\/","name":"UniSALESIANO Ara\u00e7atuba\/SP","description":"Centro Universit\u00e1rio Cat\u00f3lico Salesiano Auxilium","potentialAction":[{"@type":"SearchAction","target":{"@type":"EntryPoint","urlTemplate":"https:\/\/unisalesiano.com.br\/aracatuba\/?s={search_term_string}"},"query-input":"required name=search_term_string"}],"inLanguage":"pt-BR"},{"@type":"WebPage","@id":"https:\/\/unisalesiano.com.br\/aracatuba\/hino\/#webpage","url":"https:\/\/unisalesiano.com.br\/aracatuba\/hino\/","name":"Hino - UniSALESIANO Ara\u00e7atuba\/SP","isPartOf":{"@id":"https:\/\/unisalesiano.com.br\/aracatuba\/#website"},"datePublished":"2018-05-17T17:09:05+00:00","dateModified":"2018-05-17T17:21:21+00:00","breadcrumb":{"@id":"https:\/\/unisalesiano.com.br\/aracatuba\/hino\/#breadcrumb"},"inLanguage":"pt-BR","potentialAction":[{"@type":"ReadAction","target":["https:\/\/unisalesiano.com.br\/aracatuba\/hino\/"]}]},{"@type":"BreadcrumbList","@id":"https:\/\/unisalesiano.com.br\/aracatuba\/hino\/#breadcrumb","itemListElement":[{"@type":"ListItem","position":1,"name":"In\u00edcio","item":"https:\/\/unisalesiano.com.br\/aracatuba\/"},{"@type":"ListItem","position":2,"name":"Hino"}]}]}},"_links":{"self":[{"href":"https:\/\/unisalesiano.com.br\/aracatuba\/wp-json\/wp\/v2\/pages\/748","targetHints":{"allow":["GET"]}}],"collection":[{"href":"https:\/\/unisalesiano.com.br\/aracatuba\/wp-json\/wp\/v2\/pages"}],"about":[{"href":"https:\/\/unisalesiano.com.br\/aracatuba\/wp-json\/wp\/v2\/types\/page"}],"author":[{"embeddable":true,"href":"https:\/\/unisalesiano.com.br\/aracatuba\/wp-json\/wp\/v2\/users\/1"}],"replies":[{"embeddable":true,"href":"https:\/\/unisalesiano.com.br\/aracatuba\/wp-json\/wp\/v2\/comments?post=748"}],"version-history":[{"count":0,"href":"https:\/\/unisalesiano.com.br\/aracatuba\/wp-json\/wp\/v2\/pages\/748\/revisions"}],"wp:attachment":[{"href":"https:\/\/unisalesiano.com.br\/aracatuba\/wp-json\/wp\/v2\/media?parent=748"}],"curies":[{"name":"wp","href":"https:\/\/api.w.org\/{rel}","templated":true}]}}