{"id":41768,"date":"2024-04-25T16:10:30","date_gmt":"2024-04-25T19:10:30","guid":{"rendered":"https:\/\/unisalesiano.com.br\/aracatuba\/?page_id=41768"},"modified":"2026-04-09T15:44:06","modified_gmt":"2026-04-09T18:44:06","slug":"trabalhe-conosco","status":"publish","type":"page","link":"https:\/\/unisalesiano.com.br\/aracatuba\/trabalhe-conosco\/","title":{"rendered":"Trabalhe Conosco"},"content":{"rendered":"<p><img loading=\"lazy\" decoding=\"async\" class=\"aligncenter size-full wp-image-46175\" src=\"https:\/\/unisalesiano.com.br\/aracatuba\/wp-content\/uploads\/2025\/04\/Site-Trabalhe-Conosco.png\" alt=\"\" width=\"1024\" height=\"227\" srcset=\"https:\/\/unisalesiano.com.br\/aracatuba\/wp-content\/uploads\/2025\/04\/Site-Trabalhe-Conosco.png 1024w, https:\/\/unisalesiano.com.br\/aracatuba\/wp-content\/uploads\/2025\/04\/Site-Trabalhe-Conosco-300x67.png 300w, https:\/\/unisalesiano.com.br\/aracatuba\/wp-content\/uploads\/2025\/04\/Site-Trabalhe-Conosco-768x170.png 768w\" sizes=\"auto, (max-width: 1024px) 100vw, 1024px\" \/><\/p>\n<p style=\"text-align: center;\">Seja bem-vindo \u00e0 nossa p\u00e1gina de oportunidades! Aqui voc\u00ea encontrar\u00e1 as vagas dispon\u00edveis em nossa empresa assim como banco de talentos, juntamente com suas descri\u00e7\u00f5es e requisitos. Se alguma delas se encaixar no seu perfil, n\u00e3o hesite em se candidatar. Estamos sempre em busca de talentos que possam contribuir para o nosso crescimento e sucesso.<\/p>\n<p>&nbsp;<\/p>\n<p>&nbsp;<\/p>\n<h4 style=\"text-align: center;\"><strong>VAGAS:<\/strong><\/h4>\n<p style=\"text-align: center;\">\n<p>&nbsp;<\/p>\n<p>&nbsp;<\/p>\n<p style=\"text-align: center;\">Para se candidatar, envie seu curr\u00edculo atrav\u00e9s do bot\u00e3o abaixo, indicando o Cargo e C\u00f3digo de Identifica\u00e7\u00e3o da vaga. Aguardamos o seu contato!<\/p>\n<p><a href=\"https:\/\/forms.gle\/LgEi1nhw7mnurKeq7\" target=\"_blank\" rel=\"noopener\"><img loading=\"lazy\" decoding=\"async\" class=\"aligncenter wp-image-41772 size-full\" src=\"https:\/\/unisalesiano.com.br\/aracatuba\/wp-content\/uploads\/2024\/04\/Botao-1.png\" alt=\"\" width=\"182\" height=\"42\" \/><\/a><\/p>\n","protected":false},"excerpt":{"rendered":"<p>Seja bem-vindo \u00e0 nossa p\u00e1gina de oportunidades! Aqui voc\u00ea encontrar\u00e1 as vagas dispon\u00edveis em nossa empresa assim como banco de talentos, juntamente com suas descri\u00e7\u00f5es e requisitos. Se alguma delas se encaixar no seu perfil, n\u00e3o hesite em se candidatar. Estamos sempre em busca de talentos que possam contribuir para o nosso crescimento e sucesso. [&hellip;]<\/p>\n","protected":false},"author":18,"featured_media":0,"parent":0,"menu_order":0,"comment_status":"closed","ping_status":"closed","template":"","meta":{"footnotes":""},"class_list":["post-41768","page","type-page","status-publish","hentry"],"yoast_head":"<!-- This site is optimized with the Yoast SEO plugin v17.4 - https:\/\/yoast.com\/wordpress\/plugins\/seo\/ -->\n<title>Trabalhe Conosco - UniSALESIANO Ara\u00e7atuba\/SP<\/title>\n<meta name=\"robots\" content=\"index, follow, max-snippet:-1, max-image-preview:large, max-video-preview:-1\" \/>\n<link rel=\"canonical\" href=\"https:\/\/unisalesiano.com.br\/aracatuba\/trabalhe-conosco\/\" \/>\n<meta property=\"og:locale\" content=\"pt_BR\" \/>\n<meta property=\"og:type\" content=\"article\" \/>\n<meta property=\"og:title\" content=\"Trabalhe Conosco - UniSALESIANO Ara\u00e7atuba\/SP\" \/>\n<meta property=\"og:description\" content=\"Seja bem-vindo \u00e0 nossa p\u00e1gina de oportunidades! Aqui voc\u00ea encontrar\u00e1 as vagas dispon\u00edveis em nossa empresa assim como banco de talentos, juntamente com suas descri\u00e7\u00f5es e requisitos. Se alguma delas se encaixar no seu perfil, n\u00e3o hesite em se candidatar. Estamos sempre em busca de talentos que possam contribuir para o nosso crescimento e sucesso. [&hellip;]\" \/>\n<meta property=\"og:url\" content=\"https:\/\/unisalesiano.com.br\/aracatuba\/trabalhe-conosco\/\" \/>\n<meta property=\"og:site_name\" content=\"UniSALESIANO Ara\u00e7atuba\/SP\" \/>\n<meta property=\"article:modified_time\" content=\"2026-04-09T18:44:06+00:00\" \/>\n<meta property=\"og:image\" content=\"https:\/\/unisalesiano.com.br\/aracatuba\/wp-content\/uploads\/2025\/04\/Site-Trabalhe-Conosco.png\" \/>\n<meta name=\"twitter:card\" content=\"summary_large_image\" \/>\n<script type=\"application\/ld+json\" class=\"yoast-schema-graph\">{\"@context\":\"https:\/\/schema.org\",\"@graph\":[{\"@type\":\"WebSite\",\"@id\":\"https:\/\/unisalesiano.com.br\/aracatuba\/#website\",\"url\":\"https:\/\/unisalesiano.com.br\/aracatuba\/\",\"name\":\"UniSALESIANO Ara\\u00e7atuba\/SP\",\"description\":\"Centro Universit\\u00e1rio Cat\\u00f3lico Salesiano Auxilium\",\"potentialAction\":[{\"@type\":\"SearchAction\",\"target\":{\"@type\":\"EntryPoint\",\"urlTemplate\":\"https:\/\/unisalesiano.com.br\/aracatuba\/?s={search_term_string}\"},\"query-input\":\"required name=search_term_string\"}],\"inLanguage\":\"pt-BR\"},{\"@type\":\"ImageObject\",\"@id\":\"https:\/\/unisalesiano.com.br\/aracatuba\/trabalhe-conosco\/#primaryimage\",\"inLanguage\":\"pt-BR\",\"url\":\"https:\/\/unisalesiano.com.br\/aracatuba\/wp-content\/uploads\/2025\/04\/Site-Trabalhe-Conosco.png\",\"contentUrl\":\"https:\/\/unisalesiano.com.br\/aracatuba\/wp-content\/uploads\/2025\/04\/Site-Trabalhe-Conosco.png\",\"width\":1024,\"height\":227},{\"@type\":\"WebPage\",\"@id\":\"https:\/\/unisalesiano.com.br\/aracatuba\/trabalhe-conosco\/#webpage\",\"url\":\"https:\/\/unisalesiano.com.br\/aracatuba\/trabalhe-conosco\/\",\"name\":\"Trabalhe Conosco - UniSALESIANO Ara\\u00e7atuba\/SP\",\"isPartOf\":{\"@id\":\"https:\/\/unisalesiano.com.br\/aracatuba\/#website\"},\"primaryImageOfPage\":{\"@id\":\"https:\/\/unisalesiano.com.br\/aracatuba\/trabalhe-conosco\/#primaryimage\"},\"datePublished\":\"2024-04-25T19:10:30+00:00\",\"dateModified\":\"2026-04-09T18:44:06+00:00\",\"breadcrumb\":{\"@id\":\"https:\/\/unisalesiano.com.br\/aracatuba\/trabalhe-conosco\/#breadcrumb\"},\"inLanguage\":\"pt-BR\",\"potentialAction\":[{\"@type\":\"ReadAction\",\"target\":[\"https:\/\/unisalesiano.com.br\/aracatuba\/trabalhe-conosco\/\"]}]},{\"@type\":\"BreadcrumbList\",\"@id\":\"https:\/\/unisalesiano.com.br\/aracatuba\/trabalhe-conosco\/#breadcrumb\",\"itemListElement\":[{\"@type\":\"ListItem\",\"position\":1,\"name\":\"In\\u00edcio\",\"item\":\"https:\/\/unisalesiano.com.br\/aracatuba\/\"},{\"@type\":\"ListItem\",\"position\":2,\"name\":\"Trabalhe Conosco\"}]}]}<\/script>\n<!-- \/ Yoast SEO plugin. -->","yoast_head_json":{"title":"Trabalhe Conosco - UniSALESIANO Ara\u00e7atuba\/SP","robots":{"index":"index","follow":"follow","max-snippet":"max-snippet:-1","max-image-preview":"max-image-preview:large","max-video-preview":"max-video-preview:-1"},"canonical":"https:\/\/unisalesiano.com.br\/aracatuba\/trabalhe-conosco\/","og_locale":"pt_BR","og_type":"article","og_title":"Trabalhe Conosco - UniSALESIANO Ara\u00e7atuba\/SP","og_description":"Seja bem-vindo \u00e0 nossa p\u00e1gina de oportunidades! Aqui voc\u00ea encontrar\u00e1 as vagas dispon\u00edveis em nossa empresa assim como banco de talentos, juntamente com suas descri\u00e7\u00f5es e requisitos. Se alguma delas se encaixar no seu perfil, n\u00e3o hesite em se candidatar. Estamos sempre em busca de talentos que possam contribuir para o nosso crescimento e sucesso. [&hellip;]","og_url":"https:\/\/unisalesiano.com.br\/aracatuba\/trabalhe-conosco\/","og_site_name":"UniSALESIANO Ara\u00e7atuba\/SP","article_modified_time":"2026-04-09T18:44:06+00:00","og_image":[{"url":"https:\/\/unisalesiano.com.br\/aracatuba\/wp-content\/uploads\/2025\/04\/Site-Trabalhe-Conosco.png"}],"twitter_card":"summary_large_image","schema":{"@context":"https:\/\/schema.org","@graph":[{"@type":"WebSite","@id":"https:\/\/unisalesiano.com.br\/aracatuba\/#website","url":"https:\/\/unisalesiano.com.br\/aracatuba\/","name":"UniSALESIANO Ara\u00e7atuba\/SP","description":"Centro Universit\u00e1rio Cat\u00f3lico Salesiano Auxilium","potentialAction":[{"@type":"SearchAction","target":{"@type":"EntryPoint","urlTemplate":"https:\/\/unisalesiano.com.br\/aracatuba\/?s={search_term_string}"},"query-input":"required name=search_term_string"}],"inLanguage":"pt-BR"},{"@type":"ImageObject","@id":"https:\/\/unisalesiano.com.br\/aracatuba\/trabalhe-conosco\/#primaryimage","inLanguage":"pt-BR","url":"https:\/\/unisalesiano.com.br\/aracatuba\/wp-content\/uploads\/2025\/04\/Site-Trabalhe-Conosco.png","contentUrl":"https:\/\/unisalesiano.com.br\/aracatuba\/wp-content\/uploads\/2025\/04\/Site-Trabalhe-Conosco.png","width":1024,"height":227},{"@type":"WebPage","@id":"https:\/\/unisalesiano.com.br\/aracatuba\/trabalhe-conosco\/#webpage","url":"https:\/\/unisalesiano.com.br\/aracatuba\/trabalhe-conosco\/","name":"Trabalhe Conosco - UniSALESIANO Ara\u00e7atuba\/SP","isPartOf":{"@id":"https:\/\/unisalesiano.com.br\/aracatuba\/#website"},"primaryImageOfPage":{"@id":"https:\/\/unisalesiano.com.br\/aracatuba\/trabalhe-conosco\/#primaryimage"},"datePublished":"2024-04-25T19:10:30+00:00","dateModified":"2026-04-09T18:44:06+00:00","breadcrumb":{"@id":"https:\/\/unisalesiano.com.br\/aracatuba\/trabalhe-conosco\/#breadcrumb"},"inLanguage":"pt-BR","potentialAction":[{"@type":"ReadAction","target":["https:\/\/unisalesiano.com.br\/aracatuba\/trabalhe-conosco\/"]}]},{"@type":"BreadcrumbList","@id":"https:\/\/unisalesiano.com.br\/aracatuba\/trabalhe-conosco\/#breadcrumb","itemListElement":[{"@type":"ListItem","position":1,"name":"In\u00edcio","item":"https:\/\/unisalesiano.com.br\/aracatuba\/"},{"@type":"ListItem","position":2,"name":"Trabalhe Conosco"}]}]}},"_links":{"self":[{"href":"https:\/\/unisalesiano.com.br\/aracatuba\/wp-json\/wp\/v2\/pages\/41768","targetHints":{"allow":["GET"]}}],"collection":[{"href":"https:\/\/unisalesiano.com.br\/aracatuba\/wp-json\/wp\/v2\/pages"}],"about":[{"href":"https:\/\/unisalesiano.com.br\/aracatuba\/wp-json\/wp\/v2\/types\/page"}],"author":[{"embeddable":true,"href":"https:\/\/unisalesiano.com.br\/aracatuba\/wp-json\/wp\/v2\/users\/18"}],"replies":[{"embeddable":true,"href":"https:\/\/unisalesiano.com.br\/aracatuba\/wp-json\/wp\/v2\/comments?post=41768"}],"version-history":[{"count":0,"href":"https:\/\/unisalesiano.com.br\/aracatuba\/wp-json\/wp\/v2\/pages\/41768\/revisions"}],"wp:attachment":[{"href":"https:\/\/unisalesiano.com.br\/aracatuba\/wp-json\/wp\/v2\/media?parent=41768"}],"curies":[{"name":"wp","href":"https:\/\/api.w.org\/{rel}","templated":true}]}}