{"id":37684,"date":"2023-01-21T08:53:54","date_gmt":"2023-01-21T11:53:54","guid":{"rendered":"https:\/\/unisalesiano.com.br\/aracatuba\/?page_id=37684"},"modified":"2026-03-26T09:41:16","modified_gmt":"2026-03-26T12:41:16","slug":"aprimoramento","status":"publish","type":"page","link":"https:\/\/unisalesiano.com.br\/aracatuba\/aprimoramento\/","title":{"rendered":"Aprimoramento"},"content":{"rendered":"<p><img loading=\"lazy\" decoding=\"async\" class=\"aligncenter wp-image-46181 size-full\" src=\"https:\/\/unisalesiano.com.br\/aracatuba\/wp-content\/uploads\/2025\/04\/aprimoramento.jpg\" alt=\"\" width=\"1024\" height=\"235\" srcset=\"https:\/\/unisalesiano.com.br\/aracatuba\/wp-content\/uploads\/2025\/04\/aprimoramento.jpg 1024w, https:\/\/unisalesiano.com.br\/aracatuba\/wp-content\/uploads\/2025\/04\/aprimoramento-300x69.jpg 300w, https:\/\/unisalesiano.com.br\/aracatuba\/wp-content\/uploads\/2025\/04\/aprimoramento-768x176.jpg 768w\" sizes=\"auto, (max-width: 1024px) 100vw, 1024px\" \/><a href=\"https:\/\/unisalesiano.com.br\/aracatuba\/clinica-meu-pet\/\"><img loading=\"lazy\" decoding=\"async\" class=\"aligncenter wp-image-46182 size-full\" src=\"https:\/\/unisalesiano.com.br\/aracatuba\/wp-content\/uploads\/2025\/04\/meu-pet.jpg\" alt=\"\" width=\"1024\" height=\"235\" srcset=\"https:\/\/unisalesiano.com.br\/aracatuba\/wp-content\/uploads\/2025\/04\/meu-pet.jpg 1024w, https:\/\/unisalesiano.com.br\/aracatuba\/wp-content\/uploads\/2025\/04\/meu-pet-300x69.jpg 300w, https:\/\/unisalesiano.com.br\/aracatuba\/wp-content\/uploads\/2025\/04\/meu-pet-768x176.jpg 768w\" sizes=\"auto, (max-width: 1024px) 100vw, 1024px\" \/><\/a><\/p>\n<p>&nbsp;<\/p>\n<p style=\"text-align: center;\"><strong>Acesse o Formul\u00e1rio de Inscri\u00e7\u00e3o &#8211; Edital\u00a0 05\/2026<\/strong><a href=\"https:\/\/docs.google.com\/forms\/d\/e\/1FAIpQLSfBwPKoyEsOz9R5U-qSLJi9lp8Hn9HSIUpvvXvapttTKfVqaQ\/viewform?usp=sharing&amp;ouid=116219385283230611233\" target=\"_blank\" rel=\"noopener\"><img loading=\"lazy\" decoding=\"async\" class=\"aligncenter wp-image-37623\" src=\"https:\/\/unisalesiano.com.br\/aracatuba\/wp-content\/uploads\/2023\/01\/botao-de-clique-aqui-1024x452.png\" alt=\"\" width=\"213\" height=\"94\" srcset=\"https:\/\/unisalesiano.com.br\/aracatuba\/wp-content\/uploads\/2023\/01\/botao-de-clique-aqui-1024x452.png 1024w, https:\/\/unisalesiano.com.br\/aracatuba\/wp-content\/uploads\/2023\/01\/botao-de-clique-aqui-300x132.png 300w, https:\/\/unisalesiano.com.br\/aracatuba\/wp-content\/uploads\/2023\/01\/botao-de-clique-aqui-768x339.png 768w, https:\/\/unisalesiano.com.br\/aracatuba\/wp-content\/uploads\/2023\/01\/botao-de-clique-aqui-1536x678.png 1536w, https:\/\/unisalesiano.com.br\/aracatuba\/wp-content\/uploads\/2023\/01\/botao-de-clique-aqui-2048x904.png 2048w\" sizes=\"auto, (max-width: 213px) 100vw, 213px\" \/><\/a><\/p>\n<p>&nbsp;<\/p>\n<p style=\"text-align: center;\"><strong>Vagas para Aprimoramento 2026<\/strong><\/p>\n<p>O Programa de Aprimoramento Profissional em Medicina Veterin\u00e1ria \u00e9 uma modalidade de ensino de P\u00f3s-Gradua\u00e7\u00e3o lato sensu, em sistema presencial integral, caracterizado por ensino em servi\u00e7o. Poder\u00e1 ser desenvolvida na \u201cCl\u00ednica Veterin\u00e1ria Meu Pet\u201d situado \u00e0 Rua Dr. Lu\u00eds de Almeida, 175, bairro Para\u00edso, no munic\u00edpio de Ara\u00e7atuba \/SP sob gerenciamento da Miss\u00e3o Salesiana de Mato Grosso \u2013 UniSALESIANO Ara\u00e7atuba, atrav\u00e9s de termo de colabora\u00e7\u00e3o firmado com o Munic\u00edpio, e no Hospital Veterin\u00e1rio do UniSALESIANO, situado \u00e0 Rodovia Teot\u00f4nio Senador Vilela, n\u00ba 3.82, Alvorada, no munic\u00edpio de Ara\u00e7atuba \/SP. Possui as seguintes \u00e1reas de concentra\u00e7\u00e3o: Cl\u00ednica M\u00e9dica de Pequenos Animais; Cl\u00ednica Cir\u00fargica de Pequenos Animais; Anestesiologia Veterin\u00e1ria; Patologia Veterin\u00e1ria; Diagn\u00f3stico por imagem; Cl\u00ednica M\u00e9dica e Cir\u00fargica de Grandes Animais.<\/p>\n","protected":false},"excerpt":{"rendered":"<p>&nbsp; Acesse o Formul\u00e1rio de Inscri\u00e7\u00e3o &#8211; Edital\u00a0 05\/2026 &nbsp; Vagas para Aprimoramento 2026 O Programa de Aprimoramento Profissional em Medicina Veterin\u00e1ria \u00e9 uma modalidade de ensino de P\u00f3s-Gradua\u00e7\u00e3o lato sensu, em sistema presencial integral, caracterizado por ensino em servi\u00e7o. Poder\u00e1 ser desenvolvida na \u201cCl\u00ednica Veterin\u00e1ria Meu Pet\u201d situado \u00e0 Rua Dr. Lu\u00eds de Almeida, [&hellip;]<\/p>\n","protected":false},"author":4,"featured_media":0,"parent":0,"menu_order":0,"comment_status":"closed","ping_status":"closed","template":"","meta":{"footnotes":""},"class_list":["post-37684","page","type-page","status-publish","hentry"],"yoast_head":"<!-- This site is optimized with the Yoast SEO plugin v17.4 - https:\/\/yoast.com\/wordpress\/plugins\/seo\/ -->\n<title>Aprimoramento - UniSALESIANO Ara\u00e7atuba\/SP<\/title>\n<meta name=\"robots\" content=\"index, follow, max-snippet:-1, max-image-preview:large, max-video-preview:-1\" \/>\n<link rel=\"canonical\" href=\"https:\/\/unisalesiano.com.br\/aracatuba\/aprimoramento\/\" \/>\n<meta property=\"og:locale\" content=\"pt_BR\" \/>\n<meta property=\"og:type\" content=\"article\" \/>\n<meta property=\"og:title\" content=\"Aprimoramento - UniSALESIANO Ara\u00e7atuba\/SP\" \/>\n<meta property=\"og:description\" content=\"&nbsp; Acesse o Formul\u00e1rio de Inscri\u00e7\u00e3o &#8211; Edital\u00a0 05\/2026 &nbsp; Vagas para Aprimoramento 2026 O Programa de Aprimoramento Profissional em Medicina Veterin\u00e1ria \u00e9 uma modalidade de ensino de P\u00f3s-Gradua\u00e7\u00e3o lato sensu, em sistema presencial integral, caracterizado por ensino em servi\u00e7o. Poder\u00e1 ser desenvolvida na \u201cCl\u00ednica Veterin\u00e1ria Meu Pet\u201d situado \u00e0 Rua Dr. Lu\u00eds de Almeida, [&hellip;]\" \/>\n<meta property=\"og:url\" content=\"https:\/\/unisalesiano.com.br\/aracatuba\/aprimoramento\/\" \/>\n<meta property=\"og:site_name\" content=\"UniSALESIANO Ara\u00e7atuba\/SP\" \/>\n<meta property=\"article:modified_time\" content=\"2026-03-26T12:41:16+00:00\" \/>\n<meta property=\"og:image\" content=\"https:\/\/unisalesiano.com.br\/aracatuba\/wp-content\/uploads\/2025\/04\/aprimoramento.jpg\" \/>\n<meta name=\"twitter:card\" content=\"summary_large_image\" \/>\n<meta name=\"twitter:label1\" content=\"Est. tempo de leitura\" \/>\n\t<meta name=\"twitter:data1\" content=\"1 minuto\" \/>\n<script type=\"application\/ld+json\" class=\"yoast-schema-graph\">{\"@context\":\"https:\/\/schema.org\",\"@graph\":[{\"@type\":\"WebSite\",\"@id\":\"https:\/\/unisalesiano.com.br\/aracatuba\/#website\",\"url\":\"https:\/\/unisalesiano.com.br\/aracatuba\/\",\"name\":\"UniSALESIANO Ara\\u00e7atuba\/SP\",\"description\":\"Centro Universit\\u00e1rio Cat\\u00f3lico Salesiano Auxilium\",\"potentialAction\":[{\"@type\":\"SearchAction\",\"target\":{\"@type\":\"EntryPoint\",\"urlTemplate\":\"https:\/\/unisalesiano.com.br\/aracatuba\/?s={search_term_string}\"},\"query-input\":\"required name=search_term_string\"}],\"inLanguage\":\"pt-BR\"},{\"@type\":\"ImageObject\",\"@id\":\"https:\/\/unisalesiano.com.br\/aracatuba\/aprimoramento\/#primaryimage\",\"inLanguage\":\"pt-BR\",\"url\":\"https:\/\/unisalesiano.com.br\/aracatuba\/wp-content\/uploads\/2025\/04\/aprimoramento.jpg\",\"contentUrl\":\"https:\/\/unisalesiano.com.br\/aracatuba\/wp-content\/uploads\/2025\/04\/aprimoramento.jpg\",\"width\":1024,\"height\":235},{\"@type\":\"WebPage\",\"@id\":\"https:\/\/unisalesiano.com.br\/aracatuba\/aprimoramento\/#webpage\",\"url\":\"https:\/\/unisalesiano.com.br\/aracatuba\/aprimoramento\/\",\"name\":\"Aprimoramento - UniSALESIANO Ara\\u00e7atuba\/SP\",\"isPartOf\":{\"@id\":\"https:\/\/unisalesiano.com.br\/aracatuba\/#website\"},\"primaryImageOfPage\":{\"@id\":\"https:\/\/unisalesiano.com.br\/aracatuba\/aprimoramento\/#primaryimage\"},\"datePublished\":\"2023-01-21T11:53:54+00:00\",\"dateModified\":\"2026-03-26T12:41:16+00:00\",\"breadcrumb\":{\"@id\":\"https:\/\/unisalesiano.com.br\/aracatuba\/aprimoramento\/#breadcrumb\"},\"inLanguage\":\"pt-BR\",\"potentialAction\":[{\"@type\":\"ReadAction\",\"target\":[\"https:\/\/unisalesiano.com.br\/aracatuba\/aprimoramento\/\"]}]},{\"@type\":\"BreadcrumbList\",\"@id\":\"https:\/\/unisalesiano.com.br\/aracatuba\/aprimoramento\/#breadcrumb\",\"itemListElement\":[{\"@type\":\"ListItem\",\"position\":1,\"name\":\"In\\u00edcio\",\"item\":\"https:\/\/unisalesiano.com.br\/aracatuba\/\"},{\"@type\":\"ListItem\",\"position\":2,\"name\":\"Aprimoramento\"}]}]}<\/script>\n<!-- \/ Yoast SEO plugin. -->","yoast_head_json":{"title":"Aprimoramento - UniSALESIANO Ara\u00e7atuba\/SP","robots":{"index":"index","follow":"follow","max-snippet":"max-snippet:-1","max-image-preview":"max-image-preview:large","max-video-preview":"max-video-preview:-1"},"canonical":"https:\/\/unisalesiano.com.br\/aracatuba\/aprimoramento\/","og_locale":"pt_BR","og_type":"article","og_title":"Aprimoramento - UniSALESIANO Ara\u00e7atuba\/SP","og_description":"&nbsp; Acesse o Formul\u00e1rio de Inscri\u00e7\u00e3o &#8211; Edital\u00a0 05\/2026 &nbsp; Vagas para Aprimoramento 2026 O Programa de Aprimoramento Profissional em Medicina Veterin\u00e1ria \u00e9 uma modalidade de ensino de P\u00f3s-Gradua\u00e7\u00e3o lato sensu, em sistema presencial integral, caracterizado por ensino em servi\u00e7o. Poder\u00e1 ser desenvolvida na \u201cCl\u00ednica Veterin\u00e1ria Meu Pet\u201d situado \u00e0 Rua Dr. Lu\u00eds de Almeida, [&hellip;]","og_url":"https:\/\/unisalesiano.com.br\/aracatuba\/aprimoramento\/","og_site_name":"UniSALESIANO Ara\u00e7atuba\/SP","article_modified_time":"2026-03-26T12:41:16+00:00","og_image":[{"url":"https:\/\/unisalesiano.com.br\/aracatuba\/wp-content\/uploads\/2025\/04\/aprimoramento.jpg"}],"twitter_card":"summary_large_image","twitter_misc":{"Est. tempo de leitura":"1 minuto"},"schema":{"@context":"https:\/\/schema.org","@graph":[{"@type":"WebSite","@id":"https:\/\/unisalesiano.com.br\/aracatuba\/#website","url":"https:\/\/unisalesiano.com.br\/aracatuba\/","name":"UniSALESIANO Ara\u00e7atuba\/SP","description":"Centro Universit\u00e1rio Cat\u00f3lico Salesiano Auxilium","potentialAction":[{"@type":"SearchAction","target":{"@type":"EntryPoint","urlTemplate":"https:\/\/unisalesiano.com.br\/aracatuba\/?s={search_term_string}"},"query-input":"required name=search_term_string"}],"inLanguage":"pt-BR"},{"@type":"ImageObject","@id":"https:\/\/unisalesiano.com.br\/aracatuba\/aprimoramento\/#primaryimage","inLanguage":"pt-BR","url":"https:\/\/unisalesiano.com.br\/aracatuba\/wp-content\/uploads\/2025\/04\/aprimoramento.jpg","contentUrl":"https:\/\/unisalesiano.com.br\/aracatuba\/wp-content\/uploads\/2025\/04\/aprimoramento.jpg","width":1024,"height":235},{"@type":"WebPage","@id":"https:\/\/unisalesiano.com.br\/aracatuba\/aprimoramento\/#webpage","url":"https:\/\/unisalesiano.com.br\/aracatuba\/aprimoramento\/","name":"Aprimoramento - UniSALESIANO Ara\u00e7atuba\/SP","isPartOf":{"@id":"https:\/\/unisalesiano.com.br\/aracatuba\/#website"},"primaryImageOfPage":{"@id":"https:\/\/unisalesiano.com.br\/aracatuba\/aprimoramento\/#primaryimage"},"datePublished":"2023-01-21T11:53:54+00:00","dateModified":"2026-03-26T12:41:16+00:00","breadcrumb":{"@id":"https:\/\/unisalesiano.com.br\/aracatuba\/aprimoramento\/#breadcrumb"},"inLanguage":"pt-BR","potentialAction":[{"@type":"ReadAction","target":["https:\/\/unisalesiano.com.br\/aracatuba\/aprimoramento\/"]}]},{"@type":"BreadcrumbList","@id":"https:\/\/unisalesiano.com.br\/aracatuba\/aprimoramento\/#breadcrumb","itemListElement":[{"@type":"ListItem","position":1,"name":"In\u00edcio","item":"https:\/\/unisalesiano.com.br\/aracatuba\/"},{"@type":"ListItem","position":2,"name":"Aprimoramento"}]}]}},"_links":{"self":[{"href":"https:\/\/unisalesiano.com.br\/aracatuba\/wp-json\/wp\/v2\/pages\/37684","targetHints":{"allow":["GET"]}}],"collection":[{"href":"https:\/\/unisalesiano.com.br\/aracatuba\/wp-json\/wp\/v2\/pages"}],"about":[{"href":"https:\/\/unisalesiano.com.br\/aracatuba\/wp-json\/wp\/v2\/types\/page"}],"author":[{"embeddable":true,"href":"https:\/\/unisalesiano.com.br\/aracatuba\/wp-json\/wp\/v2\/users\/4"}],"replies":[{"embeddable":true,"href":"https:\/\/unisalesiano.com.br\/aracatuba\/wp-json\/wp\/v2\/comments?post=37684"}],"version-history":[{"count":0,"href":"https:\/\/unisalesiano.com.br\/aracatuba\/wp-json\/wp\/v2\/pages\/37684\/revisions"}],"wp:attachment":[{"href":"https:\/\/unisalesiano.com.br\/aracatuba\/wp-json\/wp\/v2\/media?parent=37684"}],"curies":[{"name":"wp","href":"https:\/\/api.w.org\/{rel}","templated":true}]}}