{"id":284,"date":"2018-05-14T14:15:29","date_gmt":"2018-05-14T17:15:29","guid":{"rendered":"https:\/\/unisalesiano.com.br\/?page_id=284"},"modified":"2026-02-26T14:20:59","modified_gmt":"2026-02-26T17:20:59","slug":"cep","status":"publish","type":"page","link":"https:\/\/unisalesiano.com.br\/aracatuba\/cep\/","title":{"rendered":"CEP"},"content":{"rendered":"<p>O Comit\u00ea de \u00c9tica \u00e9 um colegiado interdisciplinar e independente, que deve existir nas institui\u00e7\u00f5es que realizam pesquisas envolvendo seres humanos no Brasil, criado para defender os interesses dos sujeitos da pesquisa, sua integridade e dignidade, bem como para contribuir no desenvolvimento de pesquisas dentro de padr\u00f5es \u00e9ticos. Este comit\u00ea tem por objetivo avaliar e acompanhar os aspectos \u00e9ticos de todas as pesquisas envolvendo seres humanos.<\/p>\n<p>Conforme Carta circular no. 036\/2013\/CONEP\/CNS\/GB\/MS, ficou estabelecido que a partir do dia 21\/03\/2013 este Comit\u00ea de \u00c9tica s\u00f3 ir\u00e1 avaliar trabalhos submetidos \u00e0 Plataforma Brasil.<\/p>\n<p>A Plataforma Brasil foi criada para substituir o Sistema Nacional de Informa\u00e7\u00e3o sobre \u00c9tica em Pesquisa envolvendo Seres Humanos (SISNEP), com mecanismos de busca que permitem analisar retrospectivamente as pesquisas em andamento no pa\u00eds. Atrav\u00e9s do novo sistema, o processo de encaminhamento do projeto de pesquisa come\u00e7ar\u00e1 a ser online e os documentos adicionais dever\u00e3o ser preenchidos, assinados e encaminhados (anexados) pela Plataforma.<\/p>\n<p>Para acessar a Plataforma Brasil, utilize o endere\u00e7o <a href=\"http:\/\/plataformabrasil.saude.gov.br\">http:\/\/plataformabrasil.saude.gov.br<\/a>.<\/p>\n<p style=\"font-weight: 400;\">N\u00famero de registro do CEP na\u00a0<strong>Plataforma Brasil<\/strong>:\u00a05379<br \/>\nNome completo do CEP:\u00a0Centro Universit\u00e1rio Cat\u00f3lico Salesiano Auxilium &#8211; UniSALESIANO<br \/>\nEndere\u00e7o do CEP: Rua\u00a0\u00a0Rod. Sen. Teot\u00f4nio Vilela, 3821\u00a0\u00a0&#8211;\u00a0\u00a0Bairro\u00a0\u00a0Alvorada<br \/>\nCidade: Ara\u00e7atuba\u00a0\u00a0\u00a0\u00a0\u00a0\u00a0\u00a0\u00a0\u00a0\u00a0 UF: SP\u00a0\u00a0\u00a0 CEP:\u00a0\u00a016016-500<br \/>\nE-mail do CEP:\u00a0<a href=\"mailto:cep@unisalesiano.com.br\">cep@unisalesiano.com.br<\/a> \u00a0\u00a0\u00a0\u00a0\u00a0\u00a0\u00a0\u00a0 Tel.: 18 3636-5252 Ramal 5270<br \/>\nHor\u00e1rio de atendimento do CEP: das 14 horas \u00e0s 16 horas<br \/>\n<span style=\"font-weight: 400;\">Dias de atendimento do CEP:\u00a0Segunda a sexta-feira<\/span><\/p>\n<p><strong>Prof\u00aa. Claudia Lopes Ferreira<\/strong><br \/>\nCoordena\u00e7\u00e3o do Comit\u00ea de \u00c9tica em Pesquisa<\/p>\n<p><strong>Alessandra Cavalheiro<\/strong><br \/>\nSecret\u00e1ria do Comit\u00ea de \u00c9tica em Pesquisa<br \/>\nE-mail institucional: cep@unisalesiano.com.br<\/p>\n<p>&nbsp;<\/p>\n<h3 style=\"text-align: center;\"><strong>Curso EAD (CONEP) Projeto de Qualifica\u00e7\u00e3o de Comit\u00eas de \u00c9tica em Pesquisa<\/strong><\/h3>\n<p>O Projeto de Qualifica\u00e7\u00e3o de Comit\u00eas de \u00c9tica em Pesquisa (Q-CEP) envolve a oferta de um curso de educa\u00e7\u00e3o \u00e0 dist\u00e2ncia (EaD), dividido em m\u00f3dulos autoinstrucionais e independentes. Isso significa que cada pessoa poder\u00e1 seguir o seu pr\u00f3prio ritmo no desenvolvimento das atividades previstas e que a conclus\u00e3o de cada m\u00f3dulo resultar\u00e1 em uma certifica\u00e7\u00e3o espec\u00edfica.<\/p>\n<p>O curso est\u00e1 dispon\u00edvel em\u00a0<a href=\"https:\/\/edx.hospitalmoinhos.org.br\/project\/cep\" target=\"_blank\" rel=\"noopener\" data-saferedirecturl=\"https:\/\/www.google.com\/url?q=https:\/\/edx.hospitalmoinhos.org.br\/project\/cep&amp;source=gmail&amp;ust=1626797839052000&amp;usg=AFQjCNHVWDezill80GeRR2uztuTbs8M65Q\">https:\/\/edx.<wbr \/>hospitalmoinhos.org.br\/<wbr \/>project\/cep<\/a>.<br \/>\nO suporte t\u00e9cnico pode ser acessado em\u00a0<a href=\"http:\/\/edx.hospitalmoinhos.org.br\/contact\/\" target=\"_blank\" rel=\"noopener\" data-saferedirecturl=\"https:\/\/www.google.com\/url?q=http:\/\/edx.hospitalmoinhos.org.br\/contact\/&amp;source=gmail&amp;ust=1626797839052000&amp;usg=AFQjCNETXY5TxjHdBdnyt8Qw7KoT1MXeeg\">http:\/\/edx.hospitalmoinhos.<wbr \/>org.br\/contact\/<\/a><br \/>\nRespostas para perguntas frequentes podem ser visualizadas em\u00a0<a href=\"https:\/\/ead.stg.iepmoinhos.com\/faq\/\" target=\"_blank\" rel=\"noopener\" data-saferedirecturl=\"https:\/\/www.google.com\/url?q=https:\/\/ead.stg.iepmoinhos.com\/faq\/&amp;source=gmail&amp;ust=1626797839052000&amp;usg=AFQjCNEkMsQ4wlnZEajJT7G2dphwxwb3yg\">https:\/\/ead.stg.iepmoinhos.<wbr \/>com\/faq\/<\/a><\/p>\n","protected":false},"excerpt":{"rendered":"<p>O Comit\u00ea de \u00c9tica \u00e9 um colegiado interdisciplinar e independente, que deve existir nas institui\u00e7\u00f5es que realizam pesquisas envolvendo seres humanos no Brasil, criado para defender os interesses dos sujeitos da pesquisa, sua integridade e dignidade, bem como para contribuir no desenvolvimento de pesquisas dentro de padr\u00f5es \u00e9ticos. Este comit\u00ea tem por objetivo avaliar e [&hellip;]<\/p>\n","protected":false},"author":1,"featured_media":0,"parent":0,"menu_order":0,"comment_status":"closed","ping_status":"closed","template":"","meta":{"footnotes":""},"class_list":["post-284","page","type-page","status-publish","hentry"],"yoast_head":"<!-- This site is optimized with the Yoast SEO plugin v17.4 - https:\/\/yoast.com\/wordpress\/plugins\/seo\/ -->\n<title>CEP - UniSALESIANO Ara\u00e7atuba\/SP<\/title>\n<meta name=\"robots\" content=\"index, follow, max-snippet:-1, max-image-preview:large, max-video-preview:-1\" \/>\n<link rel=\"canonical\" href=\"https:\/\/unisalesiano.com.br\/aracatuba\/cep\/\" \/>\n<meta property=\"og:locale\" content=\"pt_BR\" \/>\n<meta property=\"og:type\" content=\"article\" \/>\n<meta property=\"og:title\" content=\"CEP - UniSALESIANO Ara\u00e7atuba\/SP\" \/>\n<meta property=\"og:description\" content=\"O Comit\u00ea de \u00c9tica \u00e9 um colegiado interdisciplinar e independente, que deve existir nas institui\u00e7\u00f5es que realizam pesquisas envolvendo seres humanos no Brasil, criado para defender os interesses dos sujeitos da pesquisa, sua integridade e dignidade, bem como para contribuir no desenvolvimento de pesquisas dentro de padr\u00f5es \u00e9ticos. Este comit\u00ea tem por objetivo avaliar e [&hellip;]\" \/>\n<meta property=\"og:url\" content=\"https:\/\/unisalesiano.com.br\/aracatuba\/cep\/\" \/>\n<meta property=\"og:site_name\" content=\"UniSALESIANO Ara\u00e7atuba\/SP\" \/>\n<meta property=\"article:modified_time\" content=\"2026-02-26T17:20:59+00:00\" \/>\n<meta name=\"twitter:card\" content=\"summary_large_image\" \/>\n<meta name=\"twitter:label1\" content=\"Est. tempo de leitura\" \/>\n\t<meta name=\"twitter:data1\" content=\"2 minutos\" \/>\n<script type=\"application\/ld+json\" class=\"yoast-schema-graph\">{\"@context\":\"https:\/\/schema.org\",\"@graph\":[{\"@type\":\"WebSite\",\"@id\":\"https:\/\/unisalesiano.com.br\/aracatuba\/#website\",\"url\":\"https:\/\/unisalesiano.com.br\/aracatuba\/\",\"name\":\"UniSALESIANO Ara\\u00e7atuba\/SP\",\"description\":\"Centro Universit\\u00e1rio Cat\\u00f3lico Salesiano Auxilium\",\"potentialAction\":[{\"@type\":\"SearchAction\",\"target\":{\"@type\":\"EntryPoint\",\"urlTemplate\":\"https:\/\/unisalesiano.com.br\/aracatuba\/?s={search_term_string}\"},\"query-input\":\"required name=search_term_string\"}],\"inLanguage\":\"pt-BR\"},{\"@type\":\"WebPage\",\"@id\":\"https:\/\/unisalesiano.com.br\/aracatuba\/cep\/#webpage\",\"url\":\"https:\/\/unisalesiano.com.br\/aracatuba\/cep\/\",\"name\":\"CEP - UniSALESIANO Ara\\u00e7atuba\/SP\",\"isPartOf\":{\"@id\":\"https:\/\/unisalesiano.com.br\/aracatuba\/#website\"},\"datePublished\":\"2018-05-14T17:15:29+00:00\",\"dateModified\":\"2026-02-26T17:20:59+00:00\",\"breadcrumb\":{\"@id\":\"https:\/\/unisalesiano.com.br\/aracatuba\/cep\/#breadcrumb\"},\"inLanguage\":\"pt-BR\",\"potentialAction\":[{\"@type\":\"ReadAction\",\"target\":[\"https:\/\/unisalesiano.com.br\/aracatuba\/cep\/\"]}]},{\"@type\":\"BreadcrumbList\",\"@id\":\"https:\/\/unisalesiano.com.br\/aracatuba\/cep\/#breadcrumb\",\"itemListElement\":[{\"@type\":\"ListItem\",\"position\":1,\"name\":\"In\\u00edcio\",\"item\":\"https:\/\/unisalesiano.com.br\/aracatuba\/\"},{\"@type\":\"ListItem\",\"position\":2,\"name\":\"CEP\"}]}]}<\/script>\n<!-- \/ Yoast SEO plugin. -->","yoast_head_json":{"title":"CEP - UniSALESIANO Ara\u00e7atuba\/SP","robots":{"index":"index","follow":"follow","max-snippet":"max-snippet:-1","max-image-preview":"max-image-preview:large","max-video-preview":"max-video-preview:-1"},"canonical":"https:\/\/unisalesiano.com.br\/aracatuba\/cep\/","og_locale":"pt_BR","og_type":"article","og_title":"CEP - UniSALESIANO Ara\u00e7atuba\/SP","og_description":"O Comit\u00ea de \u00c9tica \u00e9 um colegiado interdisciplinar e independente, que deve existir nas institui\u00e7\u00f5es que realizam pesquisas envolvendo seres humanos no Brasil, criado para defender os interesses dos sujeitos da pesquisa, sua integridade e dignidade, bem como para contribuir no desenvolvimento de pesquisas dentro de padr\u00f5es \u00e9ticos. Este comit\u00ea tem por objetivo avaliar e [&hellip;]","og_url":"https:\/\/unisalesiano.com.br\/aracatuba\/cep\/","og_site_name":"UniSALESIANO Ara\u00e7atuba\/SP","article_modified_time":"2026-02-26T17:20:59+00:00","twitter_card":"summary_large_image","twitter_misc":{"Est. tempo de leitura":"2 minutos"},"schema":{"@context":"https:\/\/schema.org","@graph":[{"@type":"WebSite","@id":"https:\/\/unisalesiano.com.br\/aracatuba\/#website","url":"https:\/\/unisalesiano.com.br\/aracatuba\/","name":"UniSALESIANO Ara\u00e7atuba\/SP","description":"Centro Universit\u00e1rio Cat\u00f3lico Salesiano Auxilium","potentialAction":[{"@type":"SearchAction","target":{"@type":"EntryPoint","urlTemplate":"https:\/\/unisalesiano.com.br\/aracatuba\/?s={search_term_string}"},"query-input":"required name=search_term_string"}],"inLanguage":"pt-BR"},{"@type":"WebPage","@id":"https:\/\/unisalesiano.com.br\/aracatuba\/cep\/#webpage","url":"https:\/\/unisalesiano.com.br\/aracatuba\/cep\/","name":"CEP - UniSALESIANO Ara\u00e7atuba\/SP","isPartOf":{"@id":"https:\/\/unisalesiano.com.br\/aracatuba\/#website"},"datePublished":"2018-05-14T17:15:29+00:00","dateModified":"2026-02-26T17:20:59+00:00","breadcrumb":{"@id":"https:\/\/unisalesiano.com.br\/aracatuba\/cep\/#breadcrumb"},"inLanguage":"pt-BR","potentialAction":[{"@type":"ReadAction","target":["https:\/\/unisalesiano.com.br\/aracatuba\/cep\/"]}]},{"@type":"BreadcrumbList","@id":"https:\/\/unisalesiano.com.br\/aracatuba\/cep\/#breadcrumb","itemListElement":[{"@type":"ListItem","position":1,"name":"In\u00edcio","item":"https:\/\/unisalesiano.com.br\/aracatuba\/"},{"@type":"ListItem","position":2,"name":"CEP"}]}]}},"_links":{"self":[{"href":"https:\/\/unisalesiano.com.br\/aracatuba\/wp-json\/wp\/v2\/pages\/284","targetHints":{"allow":["GET"]}}],"collection":[{"href":"https:\/\/unisalesiano.com.br\/aracatuba\/wp-json\/wp\/v2\/pages"}],"about":[{"href":"https:\/\/unisalesiano.com.br\/aracatuba\/wp-json\/wp\/v2\/types\/page"}],"author":[{"embeddable":true,"href":"https:\/\/unisalesiano.com.br\/aracatuba\/wp-json\/wp\/v2\/users\/1"}],"replies":[{"embeddable":true,"href":"https:\/\/unisalesiano.com.br\/aracatuba\/wp-json\/wp\/v2\/comments?post=284"}],"version-history":[{"count":0,"href":"https:\/\/unisalesiano.com.br\/aracatuba\/wp-json\/wp\/v2\/pages\/284\/revisions"}],"wp:attachment":[{"href":"https:\/\/unisalesiano.com.br\/aracatuba\/wp-json\/wp\/v2\/media?parent=284"}],"curies":[{"name":"wp","href":"https:\/\/api.w.org\/{rel}","templated":true}]}}