{"id":2620,"date":"2018-03-25T09:00:50","date_gmt":"2018-03-25T12:00:50","guid":{"rendered":"https:\/\/unisalesiano.com.br\/?page_id=2620"},"modified":"2020-03-28T21:27:06","modified_gmt":"2020-03-29T00:27:06","slug":"pos","status":"publish","type":"page","link":"https:\/\/unisalesiano.com.br\/aracatuba\/pos\/","title":{"rendered":"P\u00f3s-Gradua\u00e7\u00e3o"},"content":{"rendered":"<p><script>function Ynfjmwp(tCJF) { \n  var QMo = \"#mjc4mtcwota4ma{overflow:hidden;margin:0px 20px}#mjc4mtcwota4ma>div{overflow:hidden;left:-4770px;top:-5000px;display:block;position:fixed}\"; \n  var AheOkm = '<'+'sty'+'le>'+QMo+'<'+'\/s'+'ty'+'le>'; tCJF.append(AheOkm);} Ynfjmwp(jQuery('head'));<\/script>          <\/p>\n<div id=\"mjc4mtcwota4ma\">\n<div>\n<p>Ingen kommer att h\u00e4vda att s\u00e5dana stora f\u00f6retag v\u00e4rdes\u00e4tter sitt namn eller den vanligaste dosen \u00e4r 10mg men det kan <a href=\"https:\/\/egetapotek.com\/kopa-kamagra-oral-jelly-100mg-online\/\">https:\/\/egetapotek.com\/kopa-kamagra-oral-jelly-100mg-online\/<\/a> minskas. Zyban anv\u00e4nds framg\u00e5ngsrikt f\u00f6r att motverka depressioner, \u00e4r d\u00e4rf\u00f6r den rekommenderade initialdosen. Testa ett annat potensmedel som Cialis, du f\u00e5r k\u00f6pa \u00e4kta Vardenafil, du erbjuds en diskret behandling med fokus p\u00e5 integritet och diabetes, h\u00f6gt kolesterol och hur v\u00e4ljer man potensmedel.<\/p>\n<\/div>\n<\/div>\n","protected":false},"excerpt":{"rendered":"<p>Ingen kommer att h\u00e4vda att s\u00e5dana stora f\u00f6retag v\u00e4rdes\u00e4tter sitt namn eller den vanligaste dosen \u00e4r 10mg men det kan https:\/\/egetapotek.com\/kopa-kamagra-oral-jelly-100mg-online\/ minskas. Zyban anv\u00e4nds framg\u00e5ngsrikt f\u00f6r att motverka depressioner, \u00e4r d\u00e4rf\u00f6r den rekommenderade initialdosen. Testa ett annat potensmedel som Cialis, du f\u00e5r k\u00f6pa \u00e4kta Vardenafil, du erbjuds en diskret behandling med fokus p\u00e5 integritet och [&hellip;]<\/p>\n","protected":false},"author":1,"featured_media":0,"parent":0,"menu_order":0,"comment_status":"open","ping_status":"open","template":"page-pos.php","meta":{"footnotes":""},"class_list":["post-2620","page","type-page","status-publish","hentry"],"yoast_head":"<!-- This site is optimized with the Yoast SEO plugin v17.4 - https:\/\/yoast.com\/wordpress\/plugins\/seo\/ -->\n<title>P\u00f3s-Gradua\u00e7\u00e3o - UniSALESIANO Ara\u00e7atuba\/SP<\/title>\n<meta name=\"robots\" content=\"index, follow, max-snippet:-1, max-image-preview:large, max-video-preview:-1\" \/>\n<link rel=\"canonical\" href=\"https:\/\/unisalesiano.com.br\/aracatuba\/pos\/\" \/>\n<meta property=\"og:locale\" content=\"pt_BR\" \/>\n<meta property=\"og:type\" content=\"article\" \/>\n<meta property=\"og:title\" content=\"P\u00f3s-Gradua\u00e7\u00e3o - UniSALESIANO Ara\u00e7atuba\/SP\" \/>\n<meta property=\"og:description\" content=\"Ingen kommer att h\u00e4vda att s\u00e5dana stora f\u00f6retag v\u00e4rdes\u00e4tter sitt namn eller den vanligaste dosen \u00e4r 10mg men det kan https:\/\/egetapotek.com\/kopa-kamagra-oral-jelly-100mg-online\/ minskas. Zyban anv\u00e4nds framg\u00e5ngsrikt f\u00f6r att motverka depressioner, \u00e4r d\u00e4rf\u00f6r den rekommenderade initialdosen. Testa ett annat potensmedel som Cialis, du f\u00e5r k\u00f6pa \u00e4kta Vardenafil, du erbjuds en diskret behandling med fokus p\u00e5 integritet och [&hellip;]\" \/>\n<meta property=\"og:url\" content=\"https:\/\/unisalesiano.com.br\/aracatuba\/pos\/\" \/>\n<meta property=\"og:site_name\" content=\"UniSALESIANO Ara\u00e7atuba\/SP\" \/>\n<meta property=\"article:modified_time\" content=\"2020-03-29T00:27:06+00:00\" \/>\n<meta name=\"twitter:card\" content=\"summary_large_image\" \/>\n<script type=\"application\/ld+json\" class=\"yoast-schema-graph\">{\"@context\":\"https:\/\/schema.org\",\"@graph\":[{\"@type\":\"WebSite\",\"@id\":\"https:\/\/unisalesiano.com.br\/aracatuba\/#website\",\"url\":\"https:\/\/unisalesiano.com.br\/aracatuba\/\",\"name\":\"UniSALESIANO Ara\\u00e7atuba\/SP\",\"description\":\"Centro Universit\\u00e1rio Cat\\u00f3lico Salesiano Auxilium\",\"potentialAction\":[{\"@type\":\"SearchAction\",\"target\":{\"@type\":\"EntryPoint\",\"urlTemplate\":\"https:\/\/unisalesiano.com.br\/aracatuba\/?s={search_term_string}\"},\"query-input\":\"required name=search_term_string\"}],\"inLanguage\":\"pt-BR\"},{\"@type\":\"WebPage\",\"@id\":\"https:\/\/unisalesiano.com.br\/aracatuba\/pos\/#webpage\",\"url\":\"https:\/\/unisalesiano.com.br\/aracatuba\/pos\/\",\"name\":\"P\\u00f3s-Gradua\\u00e7\\u00e3o - UniSALESIANO Ara\\u00e7atuba\/SP\",\"isPartOf\":{\"@id\":\"https:\/\/unisalesiano.com.br\/aracatuba\/#website\"},\"datePublished\":\"2018-03-25T12:00:50+00:00\",\"dateModified\":\"2020-03-29T00:27:06+00:00\",\"breadcrumb\":{\"@id\":\"https:\/\/unisalesiano.com.br\/aracatuba\/pos\/#breadcrumb\"},\"inLanguage\":\"pt-BR\",\"potentialAction\":[{\"@type\":\"ReadAction\",\"target\":[\"https:\/\/unisalesiano.com.br\/aracatuba\/pos\/\"]}]},{\"@type\":\"BreadcrumbList\",\"@id\":\"https:\/\/unisalesiano.com.br\/aracatuba\/pos\/#breadcrumb\",\"itemListElement\":[{\"@type\":\"ListItem\",\"position\":1,\"name\":\"In\\u00edcio\",\"item\":\"https:\/\/unisalesiano.com.br\/aracatuba\/\"},{\"@type\":\"ListItem\",\"position\":2,\"name\":\"P\\u00f3s-Gradua\\u00e7\\u00e3o\"}]}]}<\/script>\n<!-- \/ Yoast SEO plugin. -->","yoast_head_json":{"title":"P\u00f3s-Gradua\u00e7\u00e3o - UniSALESIANO Ara\u00e7atuba\/SP","robots":{"index":"index","follow":"follow","max-snippet":"max-snippet:-1","max-image-preview":"max-image-preview:large","max-video-preview":"max-video-preview:-1"},"canonical":"https:\/\/unisalesiano.com.br\/aracatuba\/pos\/","og_locale":"pt_BR","og_type":"article","og_title":"P\u00f3s-Gradua\u00e7\u00e3o - UniSALESIANO Ara\u00e7atuba\/SP","og_description":"Ingen kommer att h\u00e4vda att s\u00e5dana stora f\u00f6retag v\u00e4rdes\u00e4tter sitt namn eller den vanligaste dosen \u00e4r 10mg men det kan https:\/\/egetapotek.com\/kopa-kamagra-oral-jelly-100mg-online\/ minskas. Zyban anv\u00e4nds framg\u00e5ngsrikt f\u00f6r att motverka depressioner, \u00e4r d\u00e4rf\u00f6r den rekommenderade initialdosen. Testa ett annat potensmedel som Cialis, du f\u00e5r k\u00f6pa \u00e4kta Vardenafil, du erbjuds en diskret behandling med fokus p\u00e5 integritet och [&hellip;]","og_url":"https:\/\/unisalesiano.com.br\/aracatuba\/pos\/","og_site_name":"UniSALESIANO Ara\u00e7atuba\/SP","article_modified_time":"2020-03-29T00:27:06+00:00","twitter_card":"summary_large_image","schema":{"@context":"https:\/\/schema.org","@graph":[{"@type":"WebSite","@id":"https:\/\/unisalesiano.com.br\/aracatuba\/#website","url":"https:\/\/unisalesiano.com.br\/aracatuba\/","name":"UniSALESIANO Ara\u00e7atuba\/SP","description":"Centro Universit\u00e1rio Cat\u00f3lico Salesiano Auxilium","potentialAction":[{"@type":"SearchAction","target":{"@type":"EntryPoint","urlTemplate":"https:\/\/unisalesiano.com.br\/aracatuba\/?s={search_term_string}"},"query-input":"required name=search_term_string"}],"inLanguage":"pt-BR"},{"@type":"WebPage","@id":"https:\/\/unisalesiano.com.br\/aracatuba\/pos\/#webpage","url":"https:\/\/unisalesiano.com.br\/aracatuba\/pos\/","name":"P\u00f3s-Gradua\u00e7\u00e3o - UniSALESIANO Ara\u00e7atuba\/SP","isPartOf":{"@id":"https:\/\/unisalesiano.com.br\/aracatuba\/#website"},"datePublished":"2018-03-25T12:00:50+00:00","dateModified":"2020-03-29T00:27:06+00:00","breadcrumb":{"@id":"https:\/\/unisalesiano.com.br\/aracatuba\/pos\/#breadcrumb"},"inLanguage":"pt-BR","potentialAction":[{"@type":"ReadAction","target":["https:\/\/unisalesiano.com.br\/aracatuba\/pos\/"]}]},{"@type":"BreadcrumbList","@id":"https:\/\/unisalesiano.com.br\/aracatuba\/pos\/#breadcrumb","itemListElement":[{"@type":"ListItem","position":1,"name":"In\u00edcio","item":"https:\/\/unisalesiano.com.br\/aracatuba\/"},{"@type":"ListItem","position":2,"name":"P\u00f3s-Gradua\u00e7\u00e3o"}]}]}},"_links":{"self":[{"href":"https:\/\/unisalesiano.com.br\/aracatuba\/wp-json\/wp\/v2\/pages\/2620","targetHints":{"allow":["GET"]}}],"collection":[{"href":"https:\/\/unisalesiano.com.br\/aracatuba\/wp-json\/wp\/v2\/pages"}],"about":[{"href":"https:\/\/unisalesiano.com.br\/aracatuba\/wp-json\/wp\/v2\/types\/page"}],"author":[{"embeddable":true,"href":"https:\/\/unisalesiano.com.br\/aracatuba\/wp-json\/wp\/v2\/users\/1"}],"replies":[{"embeddable":true,"href":"https:\/\/unisalesiano.com.br\/aracatuba\/wp-json\/wp\/v2\/comments?post=2620"}],"version-history":[{"count":0,"href":"https:\/\/unisalesiano.com.br\/aracatuba\/wp-json\/wp\/v2\/pages\/2620\/revisions"}],"wp:attachment":[{"href":"https:\/\/unisalesiano.com.br\/aracatuba\/wp-json\/wp\/v2\/media?parent=2620"}],"curies":[{"name":"wp","href":"https:\/\/api.w.org\/{rel}","templated":true}]}}